13)?
23
Let q = 533 - 363. Let b = -120 + q. Suppose 4*v = -v + b. What are the prime factors of v?
2, 5
Suppose -2*s - g = 0, 2*s + 2*g + 14 = 5*s. Suppose s*a + 1 = 13. List the prime factors of a.
2, 3
Let i = 8 - 5. Let g be i/(1 - (1 - 1)). Suppose -w + g = -0. List the prime factors of w.
3
Suppose 5*s - 138 = -4*h + 3*s, 2*h - s - 71 = 0. What are the prime factors of h?
5, 7
Let w(c) = 4*c**2 - 6*c - 2 - 2*c + 0*c + 3*c. What are the prime factors of w(4)?
2, 3, 7
Let h(y) = -7*y - y**2 - 1 - 4 - 1. What are the prime factors of h(-4)?
2, 3
Let z(i) = 8*i + 14*i - 28*i + 0*i**2 + i**2 + 1. Suppose 4*j = -14 + 46. What are the prime factors of z(j)?
17
Suppose 0 = -5*f - 25 - 5. Let o(l) = -l**3 + 5*l**2 - 4*l + 4. Let t be o(6). List the prime factors of t/f + 2/3.
2, 5
Let u = 71 + -31. What are the prime factors of u?
2, 5
Let g(r) = -r - 3. Let m be g(5). Let z = m + 19. List the prime factors of z.
11
Let l(i) = -21*i**3 - i**2 + i + 1. List the prime factors of l(-1).
2, 5
Suppose 0 = 3*s - 8*s, 3*i = -3*s + 6. Suppose 0 = 4*u - i*h + 6 - 14, 4*u = -5*h - 20. What are the prime factors of (9 + 0)/(u + 1)?
3
Suppose 4*a - 12 = -2*i, 0 = 3*a - 2*a - 5. Suppose 3*p = -n + 190, 0*n + 2 = -n. List the prime factors of p/6 - i/(-6).
2, 5
Let f(n) = 14*n - 8. What are the prime factors of f(10)?
2, 3, 11
Suppose -2*k + 19 = 3*d, k - d = -0*k - 3. Suppose 4*p = -k + 34. List the prime factors of (-1)/(-4) + 54/p.
7
Suppose -3*h - 2*b - 38 = 0, 14 = 3*h - b + 40. Let j be ((-12)/h)/((-3)/10). What are the prime factors of (1 + (-15)/6)*j?
2, 3
Suppose 0 = 5*d - 10 - 0. Suppose 4*f + 11 = -3*w, 2*w - 16 = -0*w + 2*f. Let h = w + d. What are the prime factors of h?
5
Let w(k) = k**2 - 11*k + 6. What are the prime factors of w(13)?
2
Let h = 99 - 59. What are the prime factors of h?
2, 5
Let y = -31 - -45. List the prime factors of y/(-70) - (-86)/5.
17
Let n(w) = 2*w**2 - 3*w - 4. Let p be n(-4). Let b = -22 + p. List the prime factors of b.
2, 3
Let b = -13 - -42. Let j = b - 21. What are the prime factors of j?
2
Suppose 0 = -7*r + 2*r + 50. List the prime factors of r.
2, 5
Let a(f) = f**3 + 6*f**2 + 6*f + 5. Suppose 0 = -5*m - 29 + 9. List the prime factors of a(m).
13
Suppose -4*i - 3*m + 338 = 0, 0 = -3*i + m - 2*m + 256. List the prime factors of i.
2, 43
Suppose 5*s - 4*h = -237 + 673, h = s - 88. What are the prime factors of s?
2, 3, 7
Let w be -4 + 0 + (0 - -2). Let h be -9*(-2)/w*1. Let t = -6 - h. List the prime factors of t.
3
Suppose -21 = -m + 20. What are the prime factors of m?
41
Suppose 0 = 4*z - 4*o + 8, -2*z - 2*o = -z - 13. Let n = -11 - -8. Let u = z - n. What are the prime factors of u?
2, 3
List the prime factors of 3 - (-1)/(-1)*40/(-1).
43
Suppose 0 = 5*i - 46 - 74. List the prime factors of i.
2, 3
Let l(g) = g**2 - 13*g + 9. What are the prime factors of l(15)?
3, 13
Let m be (1 - -1) + 6 + -5. Suppose m*z = 32 + 40. List the prime factors of z.
2, 3
Suppose -60 = -h - w, 38 = -2*h + 3*w + 148. List the prime factors of h.
2, 29
Let f(g) = -g + 13. Let w be f(10). Suppose -3*m - w*a + 36 = 0, 4*m = 2*a + 16 + 2. What are the prime factors of m?
7
Let c(d) = 6*d**3 - 6*d**2 - 5*d + 17. Let l(n) = 7*n**3 - 7*n**2 - 6*n + 18. Let z(o) = 6*c(o) - 5*l(o). Suppose k = 5*k. List the prime factors of z(k).
2, 3
Suppose 3*z + 44 = 5*z. List the prime factors of (4/(-3))/(z/(-165)).
2, 5
Let n(q) = 4*q**2 + q - 1. Let s be 2 + (-5)/(15/6). Suppose -4*x + s = -4. What are the prime factors of n(x)?
2
Suppose 1 = 2*z - 3. Suppose -5*k - z*x = 16 - 52, 2*k + 2*x = 12. List the prime factors of 26/k*(5 - 1).
13
What are the prime factors of -1 + 2 + 12 + -1?
2, 3
Let n(o) = -o**2 - 4*o - 1. Let b be (3/4)/((-4)/16). Let d be n(b). Suppose -41 = -5*c - y, -y = -5*c + d*y + 37. What are the prime factors of c?
2
Suppose -4*m + v = -198 - 15, 5*v = -4*m + 231. List the prime factors of m.
2, 3
Suppose -2*d = -0*y + 2*y - 52, 5*y + d - 126 = 0. What are the prime factors of y?
5
Let j(t) = -t**2 - 10*t + 4. Let m be 1/(9/(-66))*3. Let b be 4/22 + 202/m. List the prime factors of j(b).
13
Let o = 87 + 53. Suppose 5*s - s = o. Suppose b - 9 = -5*v + 6, -5*b = 5*v - s. List the prime factors of b.
5
Let w(l) = l - 6 + l - 5*l + 0. What are the prime factors of w(-4)?
2, 3
Let z(j) = j + 2. Let d(i) = -3. Let g(k) = -d(k) - 3*z(k). Let h be g(-2). Suppose -16 = -h*r + 2. What are the prime factors of r?
2, 3
Let u(q) = q - 10. Let h be u(10). Let i = h + 2. What are the prime factors of i?
2
Let z = 10 + -5. What are the prime factors of (-20)/(-6)*18/z?
2, 3
Let i = -61 - -122. What are the prime factors of i?
61
Let k = -44 + 100. What are the prime factors of k?
2, 7
Let b be -5 + 4 - (-5 + 1). Suppose 0 = b*k + 32 - 5. List the prime factors of 6/(-4)*48/k.
2
Suppose -2*u + a + 635 = 0, -3*u + a + 247 + 705 = 0. What are the prime factors of u?
317
Suppose -2*v = -4*v + 16. Let u = 8 - v. Suppose -2*b + 1 + 3 = u. List the prime factors of b.
2
Let s = -4 + 5. Suppose 46 = 3*l - 4*m, -5*l + 2*m - s = -59. What are the prime factors of l?
2, 5
Suppose -w - 3*o = 2*w - 3, -2*w + 4*o + 20 = 0. Let t(l) = l + w*l + l + 1. What are the prime factors of t(2)?
13
Let b = 2 - -1. Suppose -14 = -b*d - f, -2*d - 1 = -2*f - 21. What are the prime factors of d?
2, 3
Suppose -2*k + 34 = w, 5*w = -k + 6*k + 200. List the prime factors of w.
2, 19
Let i(l) = l**2 + 3*l - 1. Let c be i(-4). Suppose f = -5*h - 2*f - 2, 3*f + 18 = c*h. Suppose -13 - 9 = -h*w. What are the prime factors of w?
11
Suppose -16*u + 13*u + 99 = 0. List the prime factors of u.
3, 11
Suppose 0*s = 5*s - 505. Suppose 5*i - 59 = -3*f + s, 3*f - 15 = 0. Let l = -14 + i. List the prime factors of l.
3, 5
Let h = -3 - -3. Suppose h = -w + 3*w. Let t = 4 + w. What are the prime factors of t?
2
Let s(r) = -r**2 + r + 6. Let v be s(0). List the prime factors of (-63)/(-5) + v/15.
13
Let w = 94 - 72. List the prime factors of w.
2, 11
Suppose 3*d - 348 = -2*m + 148, 2*m - 498 = -4*d. List the prime factors of m.
5, 7
Suppose 5*g = -2*w + 14, -3*g = -g - 2*w. Suppose -33 = 5*j - g*j. List the prime factors of (j/(-4))/((-2)/(-8)).
11
Let z = 3 - 4. Let q be 1 + z - 3 - -5. List the prime factors of (q/(-3) - 0)*-12.
2
Let f = 38 + 42. Suppose -3*w + b = -3*b - f, 61 = 2*w + 5*b. What are the prime factors of w?
2, 7
Let v(o) = -o + 1. Let q be v(2). List the prime factors of -6*q*(-2)/(-6).
2
What are the prime factors of 87*3/9*3?
3, 29
Let t(v) = 14*v - 3. Let y be t(5). Suppose -2*b - 4*c = -27 - 5, 5*b = 3*c + y. List the prime factors of b.
2, 7
Suppose -z + 4 = 0, -3*h + 2*z - 19 = -2*z. List the prime factors of h/2 + (-282)/(-12).
23
Let f = 162 + -104. List the prime factors of f.
2, 29
Let l(g) = -3*g**2 + g - 1. Let y be l(1). Let u be ((-1)/(-3))/(2/6). List the prime factors of (12/y)/(u + -3).
2
Let p = -8 + 16. Suppose 4*d = -p, -4*z - 6*d + d + 46 = 0. List the prime factors of z.
2, 7
Suppose 0 = 4*s - s - 5*o - 159, -5*o = 5*s - 225. List the prime factors of s.
2, 3
Suppose -5*d = -d - 4. Let k = 28 - 17. List the prime factors of d*k - (-5)/5.
2, 3
Let h = -7 - -5. Let x be 0/5*(h - -3). Suppose x = 2*r + r - 15. What are the prime factors of r?
5
List the prime factors of (-6)/(-4)*(-364)/(-21).
2, 13
Let h(f) = f**3 - 5*f**2 + 2*f - 2. Let q be h(5). List the prime factors of (34/q)/(1/4).
17
Suppose 0 = 2*x - 2*j + 14, 5*x + 4*j - j + 75 = 0. Let m be (3 - 5 - 3)/1. Let f = m - x. List the prime factors of f.
7
Suppose -5*g + 15 = -2*g, 2*a - 2*g = -10. Suppose -3*p + 2*p + 4 = a. Suppose 0 = 3*b - p*w + 1 - 5, -3*b + 10 = -w. List the prime factors of b.
2
Let x(v) = v**3 + 4*v**2 + v - 4. Let j be x(-3). Let h(m) = -j - 3 + 2*m - 1. List the prime factors of h(9).
2, 3
Let y(h) = 37*h - 61. List the prime factors of y(8).
5, 47
Let y(c) = -3*c - 12. Suppose -5*f + 12 = -4*z, 0 = z - f - 2 + 6. What are the prime factors of y(z)?
2, 3
Let t(w) = w**3 - 15*w**2 - 14*w - 11. List the prime factors of t(16).
3, 7
Suppose -11*g + 50 = -9*g. What are the prime factors of g?
5
Let z(h) = -2*h - h**2 + h**3 - 7 + 4*h**2 + 3*h**2. Let s be z(-6). Suppose -s*g + 4*d - 8*d = -51, -d = g - 11. What are the prime factors of g?
7
Suppose 4*r = 2*l + 22, 5*l = -2*r -